{"id":1193,"date":"2025-07-07T18:14:31","date_gmt":"2025-07-07T16:14:31","guid":{"rendered":"https:\/\/wolvescharleroi.be\/?page_id=1193"},"modified":"2025-07-07T18:14:31","modified_gmt":"2025-07-07T16:14:31","slug":"une-nouvelle-federation-pour-le-hockey-inline","status":"publish","type":"page","link":"https:\/\/wolvescharleroi.be\/?page_id=1193","title":{"rendered":"Une nouvelle f\u00e9d\u00e9ration pour le hockey inline"},"content":{"rendered":"<p><span style=\"color: #000000; font-family: arial, helvetica, sans-serif;\">Chers membres des Wolves Charleroi,<\/span><br \/>\n<span style=\"color: #000000; font-family: arial, helvetica, sans-serif;\">nous souhaitons vous informer d\u2019une \u00e9volution importante concernant le inline hockey au niveau national.<\/span><br \/>\n<span style=\"color: #000000; font-family: arial, helvetica, sans-serif;\">A partir d\u2019aujourd\u2019hui, <span style=\"text-decoration: underline;\"><strong>nous ne sommes plus affili\u00e9s \u00e0 la Royal Belgian Ice Hockey Federation (RBIHF)<\/strong><\/span>. Cette d\u00e9cision a \u00e9t\u00e9 prise en concertation avec tous les clubs belges de inline hockey, qui ont d\u00e9cid\u00e9 ensemble de cr\u00e9er une commission propre au sein de la <span style=\"text-decoration: underline; color: #0000ff;\"><strong>F\u00e9d\u00e9ration Belge de Roller Sports (FBRS)<\/strong><\/span>, en collaboration avec <span style=\"text-decoration: underline;\"><em>Skate Vlaanderen et la F\u00e9d\u00e9ration Belge Francophone de Patinage (FBFP).<\/em><\/span><\/span><\/p>\n<p><span style=\"color: #000000; font-family: arial, helvetica, sans-serif;\">Nous souhaitons profiter de cette occasion pour remercier sinc\u00e8rement la RBIHF pour ses nombreuses ann\u00e9es de collaboration et d\u2019engagement au service de notre sport.<\/span><\/p>\n<p><span style=\"color: #000000; font-family: arial, helvetica, sans-serif;\">Ce changement marque le d\u00e9but d\u2019un nouveau chapitre pour le inline hockey belge. La saison \u00e0 venir sera une ann\u00e9e de transition, au cours de laquelle nous nous efforcerons de maintenir autant que possible la continuit\u00e9 : les r\u00e8gles et structures actuelles seront en grande partie conserv\u00e9es afin que les activit\u00e9s sportives puissent se poursuivre comme vous les connaissez. Par ailleurs, nous saisirons cette opportunit\u00e9 pour simplifier et am\u00e9liorer l\u00e0 o\u00f9 c\u2019est possible.<\/span><br \/>\n<span style=\"color: #000000; font-family: arial, helvetica, sans-serif;\">Nous comprenons que ce changement puisse susciter des questions. Nous nous engageons bien entendu \u00e0 y r\u00e9pondre de mani\u00e8re claire et rapide.<\/span><br \/>\n<span style=\"color: #000000; font-family: arial, helvetica, sans-serif;\">Nous nous r\u00e9jouissons de construire ensemble ce nouveau parcours et de continuer \u00e0 faire grandir notre sport.<\/span><br \/>\n<span style=\"color: #000000; font-family: arial, helvetica, sans-serif;\">Sportivement,<\/span><br \/>\n<span style=\"color: #000000; font-family: arial, helvetica, sans-serif;\">Au nom de BIHA \u2013 Belgian Inline Hockey Association<\/span><br \/>\n<span style=\"color: #000000; font-family: arial, helvetica, sans-serif;\">Fabrice B\u00f6hm et Frank &lsquo;S Jegers<br \/>\n<span style=\"text-decoration: underline;\"><em>Les Wolves Charleroi souhaitent une longue et tr\u00e8s bonne route au comit\u00e9 de la nouvelle f\u00e9d\u00e9ration.<\/em><\/span><\/span><\/p>\n","protected":false},"excerpt":{"rendered":"<p>Chers membres des Wolves Charleroi, nous souhaitons vous informer d\u2019une \u00e9volution importante concernant le inline hockey au niveau national. A partir d\u2019aujourd\u2019hui, nous ne sommes plus affili\u00e9s \u00e0 la Royal Belgian Ice Hockey Federation (RBIHF). Cette d\u00e9cision a \u00e9t\u00e9 prise en concertation avec tous les clubs belges de inline hockey, qui ont d\u00e9cid\u00e9 ensemble de&hellip; <br \/> <a class=\"read-more\" href=\"https:\/\/wolvescharleroi.be\/?page_id=1193\">Lire la suite<\/a><\/p>\n","protected":false},"author":5,"featured_media":0,"parent":0,"menu_order":0,"comment_status":"closed","ping_status":"closed","template":"","meta":{"footnotes":""},"class_list":["post-1193","page","type-page","status-publish","hentry"],"yoast_head":"<!-- This site is optimized with the Yoast SEO plugin v27.3 - https:\/\/yoast.com\/product\/yoast-seo-wordpress\/ -->\n<title>Une nouvelle f\u00e9d\u00e9ration pour le hockey inline - Wolves Charleroi<\/title>\n<meta name=\"robots\" content=\"index, follow, max-snippet:-1, max-image-preview:large, max-video-preview:-1\" \/>\n<link rel=\"canonical\" href=\"https:\/\/wolvescharleroi.be\/?page_id=1193\" \/>\n<meta property=\"og:locale\" content=\"fr_FR\" \/>\n<meta property=\"og:type\" content=\"article\" \/>\n<meta property=\"og:title\" content=\"Une nouvelle f\u00e9d\u00e9ration pour le hockey inline - Wolves Charleroi\" \/>\n<meta property=\"og:description\" content=\"Chers membres des Wolves Charleroi, nous souhaitons vous informer d\u2019une \u00e9volution importante concernant le inline hockey au niveau national. A partir d\u2019aujourd\u2019hui, nous ne sommes plus affili\u00e9s \u00e0 la Royal Belgian Ice Hockey Federation (RBIHF). Cette d\u00e9cision a \u00e9t\u00e9 prise en concertation avec tous les clubs belges de inline hockey, qui ont d\u00e9cid\u00e9 ensemble de&hellip; Lire la suite\" \/>\n<meta property=\"og:url\" content=\"https:\/\/wolvescharleroi.be\/?page_id=1193\" \/>\n<meta property=\"og:site_name\" content=\"Wolves Charleroi\" \/>\n<meta name=\"twitter:card\" content=\"summary_large_image\" \/>\n<meta name=\"twitter:label1\" content=\"Dur\u00e9e de lecture estim\u00e9e\" \/>\n\t<meta name=\"twitter:data1\" content=\"2 minutes\" \/>\n<script type=\"application\/ld+json\" class=\"yoast-schema-graph\">{\"@context\":\"https:\\\/\\\/schema.org\",\"@graph\":[{\"@type\":\"WebPage\",\"@id\":\"https:\\\/\\\/wolvescharleroi.be\\\/?page_id=1193\",\"url\":\"https:\\\/\\\/wolvescharleroi.be\\\/?page_id=1193\",\"name\":\"Une nouvelle f\u00e9d\u00e9ration pour le hockey inline - Wolves Charleroi\",\"isPartOf\":{\"@id\":\"https:\\\/\\\/wolvescharleroi.be\\\/#website\"},\"datePublished\":\"2025-07-07T16:14:31+00:00\",\"breadcrumb\":{\"@id\":\"https:\\\/\\\/wolvescharleroi.be\\\/?page_id=1193#breadcrumb\"},\"inLanguage\":\"fr-FR\",\"potentialAction\":[{\"@type\":\"ReadAction\",\"target\":[\"https:\\\/\\\/wolvescharleroi.be\\\/?page_id=1193\"]}]},{\"@type\":\"BreadcrumbList\",\"@id\":\"https:\\\/\\\/wolvescharleroi.be\\\/?page_id=1193#breadcrumb\",\"itemListElement\":[{\"@type\":\"ListItem\",\"position\":1,\"name\":\"Accueil\",\"item\":\"https:\\\/\\\/wolvescharleroi.be\\\/\"},{\"@type\":\"ListItem\",\"position\":2,\"name\":\"Une nouvelle f\u00e9d\u00e9ration pour le hockey inline\"}]},{\"@type\":\"WebSite\",\"@id\":\"https:\\\/\\\/wolvescharleroi.be\\\/#website\",\"url\":\"https:\\\/\\\/wolvescharleroi.be\\\/\",\"name\":\"Wolves Charleroi\",\"description\":\"\",\"publisher\":{\"@id\":\"https:\\\/\\\/wolvescharleroi.be\\\/#organization\"},\"potentialAction\":[{\"@type\":\"SearchAction\",\"target\":{\"@type\":\"EntryPoint\",\"urlTemplate\":\"https:\\\/\\\/wolvescharleroi.be\\\/?s={search_term_string}\"},\"query-input\":{\"@type\":\"PropertyValueSpecification\",\"valueRequired\":true,\"valueName\":\"search_term_string\"}}],\"inLanguage\":\"fr-FR\"},{\"@type\":\"Organization\",\"@id\":\"https:\\\/\\\/wolvescharleroi.be\\\/#organization\",\"name\":\"Wolves Charleroi\",\"url\":\"https:\\\/\\\/wolvescharleroi.be\\\/\",\"logo\":{\"@type\":\"ImageObject\",\"inLanguage\":\"fr-FR\",\"@id\":\"https:\\\/\\\/wolvescharleroi.be\\\/#\\\/schema\\\/logo\\\/image\\\/\",\"url\":\"https:\\\/\\\/wolvescharleroi.be\\\/wp-content\\\/uploads\\\/2025\\\/11\\\/tete-site.jpg\",\"contentUrl\":\"https:\\\/\\\/wolvescharleroi.be\\\/wp-content\\\/uploads\\\/2025\\\/11\\\/tete-site.jpg\",\"width\":510,\"height\":510,\"caption\":\"Wolves Charleroi\"},\"image\":{\"@id\":\"https:\\\/\\\/wolvescharleroi.be\\\/#\\\/schema\\\/logo\\\/image\\\/\"}}]}<\/script>\n<!-- \/ Yoast SEO plugin. -->","yoast_head_json":{"title":"Une nouvelle f\u00e9d\u00e9ration pour le hockey inline - Wolves Charleroi","robots":{"index":"index","follow":"follow","max-snippet":"max-snippet:-1","max-image-preview":"max-image-preview:large","max-video-preview":"max-video-preview:-1"},"canonical":"https:\/\/wolvescharleroi.be\/?page_id=1193","og_locale":"fr_FR","og_type":"article","og_title":"Une nouvelle f\u00e9d\u00e9ration pour le hockey inline - Wolves Charleroi","og_description":"Chers membres des Wolves Charleroi, nous souhaitons vous informer d\u2019une \u00e9volution importante concernant le inline hockey au niveau national. A partir d\u2019aujourd\u2019hui, nous ne sommes plus affili\u00e9s \u00e0 la Royal Belgian Ice Hockey Federation (RBIHF). Cette d\u00e9cision a \u00e9t\u00e9 prise en concertation avec tous les clubs belges de inline hockey, qui ont d\u00e9cid\u00e9 ensemble de&hellip; Lire la suite","og_url":"https:\/\/wolvescharleroi.be\/?page_id=1193","og_site_name":"Wolves Charleroi","twitter_card":"summary_large_image","twitter_misc":{"Dur\u00e9e de lecture estim\u00e9e":"2 minutes"},"schema":{"@context":"https:\/\/schema.org","@graph":[{"@type":"WebPage","@id":"https:\/\/wolvescharleroi.be\/?page_id=1193","url":"https:\/\/wolvescharleroi.be\/?page_id=1193","name":"Une nouvelle f\u00e9d\u00e9ration pour le hockey inline - Wolves Charleroi","isPartOf":{"@id":"https:\/\/wolvescharleroi.be\/#website"},"datePublished":"2025-07-07T16:14:31+00:00","breadcrumb":{"@id":"https:\/\/wolvescharleroi.be\/?page_id=1193#breadcrumb"},"inLanguage":"fr-FR","potentialAction":[{"@type":"ReadAction","target":["https:\/\/wolvescharleroi.be\/?page_id=1193"]}]},{"@type":"BreadcrumbList","@id":"https:\/\/wolvescharleroi.be\/?page_id=1193#breadcrumb","itemListElement":[{"@type":"ListItem","position":1,"name":"Accueil","item":"https:\/\/wolvescharleroi.be\/"},{"@type":"ListItem","position":2,"name":"Une nouvelle f\u00e9d\u00e9ration pour le hockey inline"}]},{"@type":"WebSite","@id":"https:\/\/wolvescharleroi.be\/#website","url":"https:\/\/wolvescharleroi.be\/","name":"Wolves Charleroi","description":"","publisher":{"@id":"https:\/\/wolvescharleroi.be\/#organization"},"potentialAction":[{"@type":"SearchAction","target":{"@type":"EntryPoint","urlTemplate":"https:\/\/wolvescharleroi.be\/?s={search_term_string}"},"query-input":{"@type":"PropertyValueSpecification","valueRequired":true,"valueName":"search_term_string"}}],"inLanguage":"fr-FR"},{"@type":"Organization","@id":"https:\/\/wolvescharleroi.be\/#organization","name":"Wolves Charleroi","url":"https:\/\/wolvescharleroi.be\/","logo":{"@type":"ImageObject","inLanguage":"fr-FR","@id":"https:\/\/wolvescharleroi.be\/#\/schema\/logo\/image\/","url":"https:\/\/wolvescharleroi.be\/wp-content\/uploads\/2025\/11\/tete-site.jpg","contentUrl":"https:\/\/wolvescharleroi.be\/wp-content\/uploads\/2025\/11\/tete-site.jpg","width":510,"height":510,"caption":"Wolves Charleroi"},"image":{"@id":"https:\/\/wolvescharleroi.be\/#\/schema\/logo\/image\/"}}]}},"_links":{"self":[{"href":"https:\/\/wolvescharleroi.be\/index.php?rest_route=\/wp\/v2\/pages\/1193","targetHints":{"allow":["GET"]}}],"collection":[{"href":"https:\/\/wolvescharleroi.be\/index.php?rest_route=\/wp\/v2\/pages"}],"about":[{"href":"https:\/\/wolvescharleroi.be\/index.php?rest_route=\/wp\/v2\/types\/page"}],"author":[{"embeddable":true,"href":"https:\/\/wolvescharleroi.be\/index.php?rest_route=\/wp\/v2\/users\/5"}],"replies":[{"embeddable":true,"href":"https:\/\/wolvescharleroi.be\/index.php?rest_route=%2Fwp%2Fv2%2Fcomments&post=1193"}],"version-history":[{"count":1,"href":"https:\/\/wolvescharleroi.be\/index.php?rest_route=\/wp\/v2\/pages\/1193\/revisions"}],"predecessor-version":[{"id":1194,"href":"https:\/\/wolvescharleroi.be\/index.php?rest_route=\/wp\/v2\/pages\/1193\/revisions\/1194"}],"wp:attachment":[{"href":"https:\/\/wolvescharleroi.be\/index.php?rest_route=%2Fwp%2Fv2%2Fmedia&parent=1193"}],"curies":[{"name":"wp","href":"https:\/\/api.w.org\/{rel}","templated":true}]}}