{"id":1114,"date":"2025-05-15T18:34:35","date_gmt":"2025-05-15T16:34:35","guid":{"rendered":"https:\/\/wolvescharleroi.be\/?page_id=1114"},"modified":"2025-05-15T18:34:35","modified_gmt":"2025-05-15T16:34:35","slug":"articles-sur-la-finale-de-coupe-de-belgique-dans-sud-presse","status":"publish","type":"page","link":"https:\/\/wolvescharleroi.be\/?page_id=1114","title":{"rendered":"articles sur la finale de coupe de Belgique dans SUD PRESSE"},"content":{"rendered":"<p><img loading=\"lazy\" decoding=\"async\" class=\"alignnone size-medium wp-image-219\" src=\"https:\/\/wolvescharleroi.be\/wp-content\/uploads\/2025\/01\/Logo_Sudinfo-300x66.png\" alt=\"alt\" width=\"150\" height=\"33\" srcset=\"https:\/\/wolvescharleroi.be\/wp-content\/uploads\/2025\/01\/Logo_Sudinfo-300x66.png 300w, https:\/\/wolvescharleroi.be\/wp-content\/uploads\/2025\/01\/Logo_Sudinfo-1024x224.png 1024w, https:\/\/wolvescharleroi.be\/wp-content\/uploads\/2025\/01\/Logo_Sudinfo-768x168.png 768w, https:\/\/wolvescharleroi.be\/wp-content\/uploads\/2025\/01\/Logo_Sudinfo.png 1200w\" sizes=\"auto, (max-width: 150px) 100vw, 150px\" \/><br \/>\n<span style=\"color: #000000;\"><span style=\"font-family: arial, helvetica, sans-serif;\">Consultez l&rsquo;article sur internet cliquez<\/span> <a href=\"https:\/\/www.sudinfo.be\/id985847\/article\/2025-04-18\/hockey-line-des-finales-de-coupe-de-belgique-en-vue-pour-les-wolves-charleroi\"><span style=\"text-decoration: underline;\"><span style=\"color: #0000ff; text-decoration: underline;\"><strong>\u00ab\u00a0ICI\u00a0\u00bb<\/strong><\/span><\/span><\/a> <span style=\"font-family: arial, helvetica, sans-serif;\">du 18 avril 2025 paru sur papier le 19 avril<\/span><\/span><br \/>\n<span style=\"color: #000000;\"><span style=\"font-family: arial, helvetica, sans-serif;\">et article paru le 22 avril <\/span><a href=\"https:\/\/www.sudinfo.be\/id987308\/article\/2025-04-22\/hockey-line-le-bilan-des-wolves-charleroi-lors-des-finales-de-coupe-de-belgique\"><span style=\"text-decoration: underline;\"><span style=\"color: #0000ff; text-decoration: underline;\"><strong>\u00ab\u00a0ICI\u00a0\u00bb<\/strong><\/span><\/span><\/a>\u00a0<\/span><br \/>\n<span style=\"color: #000000; font-family: arial, helvetica, sans-serif;\">Bient\u00f4t sur papier, restez branch\u00e9, bonne lecture et n&rsquo;h\u00e9sitez pas \u00e0 vous abonner sur le site de sud presse, en s\u00e9lectionnant l&rsquo;article du club.<\/span><\/p>\n","protected":false},"excerpt":{"rendered":"<p>Consultez l&rsquo;article sur internet cliquez \u00ab\u00a0ICI\u00a0\u00bb du 18 avril 2025 paru sur papier le 19 avril et article paru le 22 avril \u00ab\u00a0ICI\u00a0\u00bb\u00a0 Bient\u00f4t sur papier, restez branch\u00e9, bonne lecture et n&rsquo;h\u00e9sitez pas \u00e0 vous abonner sur le site de sud presse, en s\u00e9lectionnant l&rsquo;article du club.<\/p>\n","protected":false},"author":5,"featured_media":0,"parent":1084,"menu_order":6,"comment_status":"closed","ping_status":"closed","template":"","meta":{"footnotes":""},"class_list":["post-1114","page","type-page","status-publish","hentry"],"yoast_head":"<!-- This site is optimized with the Yoast SEO plugin v27.3 - https:\/\/yoast.com\/product\/yoast-seo-wordpress\/ -->\n<title>articles sur la finale de coupe de Belgique dans SUD PRESSE - Wolves Charleroi<\/title>\n<meta name=\"robots\" content=\"index, follow, max-snippet:-1, max-image-preview:large, max-video-preview:-1\" \/>\n<link rel=\"canonical\" href=\"https:\/\/wolvescharleroi.be\/?page_id=1114\" \/>\n<meta property=\"og:locale\" content=\"fr_FR\" \/>\n<meta property=\"og:type\" content=\"article\" \/>\n<meta property=\"og:title\" content=\"articles sur la finale de coupe de Belgique dans SUD PRESSE - Wolves Charleroi\" \/>\n<meta property=\"og:description\" content=\"Consultez l&rsquo;article sur internet cliquez \u00ab\u00a0ICI\u00a0\u00bb du 18 avril 2025 paru sur papier le 19 avril et article paru le 22 avril \u00ab\u00a0ICI\u00a0\u00bb\u00a0 Bient\u00f4t sur papier, restez branch\u00e9, bonne lecture et n&rsquo;h\u00e9sitez pas \u00e0 vous abonner sur le site de sud presse, en s\u00e9lectionnant l&rsquo;article du club.\" \/>\n<meta property=\"og:url\" content=\"https:\/\/wolvescharleroi.be\/?page_id=1114\" \/>\n<meta property=\"og:site_name\" content=\"Wolves Charleroi\" \/>\n<meta property=\"og:image\" content=\"https:\/\/wolvescharleroi.be\/wp-content\/uploads\/2025\/01\/Logo_Sudinfo.png\" \/>\n\t<meta property=\"og:image:width\" content=\"1200\" \/>\n\t<meta property=\"og:image:height\" content=\"262\" \/>\n\t<meta property=\"og:image:type\" content=\"image\/png\" \/>\n<meta name=\"twitter:card\" content=\"summary_large_image\" \/>\n<meta name=\"twitter:label1\" content=\"Dur\u00e9e de lecture estim\u00e9e\" \/>\n\t<meta name=\"twitter:data1\" content=\"1 minute\" \/>\n<script type=\"application\/ld+json\" class=\"yoast-schema-graph\">{\"@context\":\"https:\\\/\\\/schema.org\",\"@graph\":[{\"@type\":\"WebPage\",\"@id\":\"https:\\\/\\\/wolvescharleroi.be\\\/?page_id=1114\",\"url\":\"https:\\\/\\\/wolvescharleroi.be\\\/?page_id=1114\",\"name\":\"articles sur la finale de coupe de Belgique dans SUD PRESSE - Wolves Charleroi\",\"isPartOf\":{\"@id\":\"https:\\\/\\\/wolvescharleroi.be\\\/#website\"},\"primaryImageOfPage\":{\"@id\":\"https:\\\/\\\/wolvescharleroi.be\\\/?page_id=1114#primaryimage\"},\"image\":{\"@id\":\"https:\\\/\\\/wolvescharleroi.be\\\/?page_id=1114#primaryimage\"},\"thumbnailUrl\":\"https:\\\/\\\/wolvescharleroi.be\\\/wp-content\\\/uploads\\\/2025\\\/01\\\/Logo_Sudinfo-300x66.png\",\"datePublished\":\"2025-05-15T16:34:35+00:00\",\"breadcrumb\":{\"@id\":\"https:\\\/\\\/wolvescharleroi.be\\\/?page_id=1114#breadcrumb\"},\"inLanguage\":\"fr-FR\",\"potentialAction\":[{\"@type\":\"ReadAction\",\"target\":[\"https:\\\/\\\/wolvescharleroi.be\\\/?page_id=1114\"]}]},{\"@type\":\"ImageObject\",\"inLanguage\":\"fr-FR\",\"@id\":\"https:\\\/\\\/wolvescharleroi.be\\\/?page_id=1114#primaryimage\",\"url\":\"https:\\\/\\\/wolvescharleroi.be\\\/wp-content\\\/uploads\\\/2025\\\/01\\\/Logo_Sudinfo.png\",\"contentUrl\":\"https:\\\/\\\/wolvescharleroi.be\\\/wp-content\\\/uploads\\\/2025\\\/01\\\/Logo_Sudinfo.png\",\"width\":1200,\"height\":262,\"caption\":\"alt\"},{\"@type\":\"BreadcrumbList\",\"@id\":\"https:\\\/\\\/wolvescharleroi.be\\\/?page_id=1114#breadcrumb\",\"itemListElement\":[{\"@type\":\"ListItem\",\"position\":1,\"name\":\"Accueil\",\"item\":\"https:\\\/\\\/wolvescharleroi.be\\\/\"},{\"@type\":\"ListItem\",\"position\":2,\"name\":\"ARCHIVES\",\"item\":\"https:\\\/\\\/wolvescharleroi.be\\\/?page_id=964\"},{\"@type\":\"ListItem\",\"position\":3,\"name\":\"Presse 2024-2025\",\"item\":\"https:\\\/\\\/wolvescharleroi.be\\\/?page_id=1084\"},{\"@type\":\"ListItem\",\"position\":4,\"name\":\"articles sur la finale de coupe de Belgique dans SUD PRESSE\"}]},{\"@type\":\"WebSite\",\"@id\":\"https:\\\/\\\/wolvescharleroi.be\\\/#website\",\"url\":\"https:\\\/\\\/wolvescharleroi.be\\\/\",\"name\":\"Wolves Charleroi\",\"description\":\"\",\"publisher\":{\"@id\":\"https:\\\/\\\/wolvescharleroi.be\\\/#organization\"},\"potentialAction\":[{\"@type\":\"SearchAction\",\"target\":{\"@type\":\"EntryPoint\",\"urlTemplate\":\"https:\\\/\\\/wolvescharleroi.be\\\/?s={search_term_string}\"},\"query-input\":{\"@type\":\"PropertyValueSpecification\",\"valueRequired\":true,\"valueName\":\"search_term_string\"}}],\"inLanguage\":\"fr-FR\"},{\"@type\":\"Organization\",\"@id\":\"https:\\\/\\\/wolvescharleroi.be\\\/#organization\",\"name\":\"Wolves Charleroi\",\"url\":\"https:\\\/\\\/wolvescharleroi.be\\\/\",\"logo\":{\"@type\":\"ImageObject\",\"inLanguage\":\"fr-FR\",\"@id\":\"https:\\\/\\\/wolvescharleroi.be\\\/#\\\/schema\\\/logo\\\/image\\\/\",\"url\":\"https:\\\/\\\/wolvescharleroi.be\\\/wp-content\\\/uploads\\\/2025\\\/11\\\/tete-site.jpg\",\"contentUrl\":\"https:\\\/\\\/wolvescharleroi.be\\\/wp-content\\\/uploads\\\/2025\\\/11\\\/tete-site.jpg\",\"width\":510,\"height\":510,\"caption\":\"Wolves Charleroi\"},\"image\":{\"@id\":\"https:\\\/\\\/wolvescharleroi.be\\\/#\\\/schema\\\/logo\\\/image\\\/\"}}]}<\/script>\n<!-- \/ Yoast SEO plugin. -->","yoast_head_json":{"title":"articles sur la finale de coupe de Belgique dans SUD PRESSE - Wolves Charleroi","robots":{"index":"index","follow":"follow","max-snippet":"max-snippet:-1","max-image-preview":"max-image-preview:large","max-video-preview":"max-video-preview:-1"},"canonical":"https:\/\/wolvescharleroi.be\/?page_id=1114","og_locale":"fr_FR","og_type":"article","og_title":"articles sur la finale de coupe de Belgique dans SUD PRESSE - Wolves Charleroi","og_description":"Consultez l&rsquo;article sur internet cliquez \u00ab\u00a0ICI\u00a0\u00bb du 18 avril 2025 paru sur papier le 19 avril et article paru le 22 avril \u00ab\u00a0ICI\u00a0\u00bb\u00a0 Bient\u00f4t sur papier, restez branch\u00e9, bonne lecture et n&rsquo;h\u00e9sitez pas \u00e0 vous abonner sur le site de sud presse, en s\u00e9lectionnant l&rsquo;article du club.","og_url":"https:\/\/wolvescharleroi.be\/?page_id=1114","og_site_name":"Wolves Charleroi","og_image":[{"width":1200,"height":262,"url":"https:\/\/wolvescharleroi.be\/wp-content\/uploads\/2025\/01\/Logo_Sudinfo.png","type":"image\/png"}],"twitter_card":"summary_large_image","twitter_misc":{"Dur\u00e9e de lecture estim\u00e9e":"1 minute"},"schema":{"@context":"https:\/\/schema.org","@graph":[{"@type":"WebPage","@id":"https:\/\/wolvescharleroi.be\/?page_id=1114","url":"https:\/\/wolvescharleroi.be\/?page_id=1114","name":"articles sur la finale de coupe de Belgique dans SUD PRESSE - Wolves Charleroi","isPartOf":{"@id":"https:\/\/wolvescharleroi.be\/#website"},"primaryImageOfPage":{"@id":"https:\/\/wolvescharleroi.be\/?page_id=1114#primaryimage"},"image":{"@id":"https:\/\/wolvescharleroi.be\/?page_id=1114#primaryimage"},"thumbnailUrl":"https:\/\/wolvescharleroi.be\/wp-content\/uploads\/2025\/01\/Logo_Sudinfo-300x66.png","datePublished":"2025-05-15T16:34:35+00:00","breadcrumb":{"@id":"https:\/\/wolvescharleroi.be\/?page_id=1114#breadcrumb"},"inLanguage":"fr-FR","potentialAction":[{"@type":"ReadAction","target":["https:\/\/wolvescharleroi.be\/?page_id=1114"]}]},{"@type":"ImageObject","inLanguage":"fr-FR","@id":"https:\/\/wolvescharleroi.be\/?page_id=1114#primaryimage","url":"https:\/\/wolvescharleroi.be\/wp-content\/uploads\/2025\/01\/Logo_Sudinfo.png","contentUrl":"https:\/\/wolvescharleroi.be\/wp-content\/uploads\/2025\/01\/Logo_Sudinfo.png","width":1200,"height":262,"caption":"alt"},{"@type":"BreadcrumbList","@id":"https:\/\/wolvescharleroi.be\/?page_id=1114#breadcrumb","itemListElement":[{"@type":"ListItem","position":1,"name":"Accueil","item":"https:\/\/wolvescharleroi.be\/"},{"@type":"ListItem","position":2,"name":"ARCHIVES","item":"https:\/\/wolvescharleroi.be\/?page_id=964"},{"@type":"ListItem","position":3,"name":"Presse 2024-2025","item":"https:\/\/wolvescharleroi.be\/?page_id=1084"},{"@type":"ListItem","position":4,"name":"articles sur la finale de coupe de Belgique dans SUD PRESSE"}]},{"@type":"WebSite","@id":"https:\/\/wolvescharleroi.be\/#website","url":"https:\/\/wolvescharleroi.be\/","name":"Wolves Charleroi","description":"","publisher":{"@id":"https:\/\/wolvescharleroi.be\/#organization"},"potentialAction":[{"@type":"SearchAction","target":{"@type":"EntryPoint","urlTemplate":"https:\/\/wolvescharleroi.be\/?s={search_term_string}"},"query-input":{"@type":"PropertyValueSpecification","valueRequired":true,"valueName":"search_term_string"}}],"inLanguage":"fr-FR"},{"@type":"Organization","@id":"https:\/\/wolvescharleroi.be\/#organization","name":"Wolves Charleroi","url":"https:\/\/wolvescharleroi.be\/","logo":{"@type":"ImageObject","inLanguage":"fr-FR","@id":"https:\/\/wolvescharleroi.be\/#\/schema\/logo\/image\/","url":"https:\/\/wolvescharleroi.be\/wp-content\/uploads\/2025\/11\/tete-site.jpg","contentUrl":"https:\/\/wolvescharleroi.be\/wp-content\/uploads\/2025\/11\/tete-site.jpg","width":510,"height":510,"caption":"Wolves Charleroi"},"image":{"@id":"https:\/\/wolvescharleroi.be\/#\/schema\/logo\/image\/"}}]}},"_links":{"self":[{"href":"https:\/\/wolvescharleroi.be\/index.php?rest_route=\/wp\/v2\/pages\/1114","targetHints":{"allow":["GET"]}}],"collection":[{"href":"https:\/\/wolvescharleroi.be\/index.php?rest_route=\/wp\/v2\/pages"}],"about":[{"href":"https:\/\/wolvescharleroi.be\/index.php?rest_route=\/wp\/v2\/types\/page"}],"author":[{"embeddable":true,"href":"https:\/\/wolvescharleroi.be\/index.php?rest_route=\/wp\/v2\/users\/5"}],"replies":[{"embeddable":true,"href":"https:\/\/wolvescharleroi.be\/index.php?rest_route=%2Fwp%2Fv2%2Fcomments&post=1114"}],"version-history":[{"count":1,"href":"https:\/\/wolvescharleroi.be\/index.php?rest_route=\/wp\/v2\/pages\/1114\/revisions"}],"predecessor-version":[{"id":1115,"href":"https:\/\/wolvescharleroi.be\/index.php?rest_route=\/wp\/v2\/pages\/1114\/revisions\/1115"}],"up":[{"embeddable":true,"href":"https:\/\/wolvescharleroi.be\/index.php?rest_route=\/wp\/v2\/pages\/1084"}],"wp:attachment":[{"href":"https:\/\/wolvescharleroi.be\/index.php?rest_route=%2Fwp%2Fv2%2Fmedia&parent=1114"}],"curies":[{"name":"wp","href":"https:\/\/api.w.org\/{rel}","templated":true}]}}